s 327643517 prime?
True
Is 474536227791 composite?
True
Is 718025305 a composite number?
True
Is 11967068651 a composite number?
False
Is 86765718103 a composite number?
False
Is 18335955839 prime?
True
Is 173729543381 composite?
True
Is 10306686347 a composite number?
False
Is 12384026857 prime?
True
Is 5158484717 prime?
False
Is 27949913579 prime?
False
Is 418258073 composite?
False
Is 12534188533 prime?
False
Is 278443787 prime?
True
Is 1265085739 a prime number?
False
Is 7901992427 composite?
True
Is 6706378109 prime?
False
Is 13926890891 composite?
False
Is 4905319539 a prime number?
False
Is 70572918371 a composite number?
True
Is 49050769939 composite?
True
Is 30913999427 prime?
True
Is 727155607 a composite number?
False
Is 27011200721 a prime number?
True
Is 3172797407 prime?
False
Is 34087621787 prime?
True
Is 7426171741 a prime number?
True
Is 47492593549 prime?
True
Is 2017624711 a composite number?
True
Is 28997212571 a composite number?
False
Is 356010118691 prime?
True
Is 126810907319 composite?
True
Is 7448337131 prime?
False
Is 16156801351 a composite number?
True
Is 259077181 composite?
True
Is 451860053 a prime number?
False
Is 53696461513 a prime number?
False
Is 83585483 composite?
False
Is 501592827 a composite number?
True
Is 135917781371 composite?
False
Is 114632668181 prime?
True
Is 24977594 prime?
False
Is 10565373089 composite?
True
Is 146869169 a composite number?
True
Is 4109198167 prime?
True
Is 52887301 prime?
True
Is 24610698869 a prime number?
True
Is 3972669887 a prime number?
False
Is 11132290747 a composite number?
True
Is 8526883247 composite?
False
Is 56918873189 a composite number?
True
Is 55182086383 a prime number?
False
Is 35597489797 composite?
False
Is 1700958593 a composite number?
False
Is 7380577397 a composite number?
True
Is 684503641 a composite number?
False
Is 712621037 a prime number?
True
Is 95005923349 a prime number?
False
Is 4957108769 a prime number?
False
Is 18078972817 a composite number?
False
Is 313648747 composite?
False
Is 101789942231 a prime number?
False
Is 14770740133 a prime number?
False
Is 1251649307 composite?
False
Is 403644271 a prime number?
True
Is 3620774411 prime?
False
Is 23206421611 prime?
False
Is 564838013 prime?
False
Is 1763027191 prime?
True
Is 103592003 a prime number?
True
Is 463026073 composite?
True
Is 34298651473 composite?
True
Is 9323669 prime?
True
Is 863259937 a prime number?
True
Is 76383255937 composite?
False
Is 13088987173 composite?
True
Is 3867265901 a composite number?
False
Is 945070369 a composite number?
True
Is 975277693 a prime number?
False
Is 23285582921 prime?
False
Is 1096188523 a prime number?
True
Is 403557523 a prime number?
True
Is 10122678361 a composite number?
False
Is 2445784259 prime?
True
Is 151025192257 a prime number?
True
Is 43728058159 composite?
False
Is 2536268962 composite?
True
Is 72840560803 composite?
True
Is 589948717 prime?
True
Is 3359433661 composite?
False
Is 53669967961 prime?
True
Is 1125806777 prime?
True
Is 11258184983 a composite number?
True
Is 11243073791 prime?
True
Is 37028449 a composite number?
True
Is 564539183 a prime number?
False
Is 89990339 a composite number?
True
Is 228259299 a composite number?
True
Is 1410730483 prime?
False
Is 35963203139 a prime number?
True
Is 70863167 a prime number?
True
Is 600681622 composite?
True
Is 8858061577 a prime number?
True
Is 1569055993 a prime number?
True
Is 1247887943 a prime number?
False
Is 2304508601 composite?
True
Is 27299239039 prime?
True
Is 335317477 prime?
False
Is 82496819 a composite number?
False
Is 7049145307 a composite number?
False
Is 483287071 a composite number?
False
Is 1092789967 a prime number?
True
Is 220580010673 prime?
False
Is 2461903735 composite?
True
Is 15623072519 prime?
True
Is 26585589827 prime?
False
Is 11500798227 a composite number?
True
Is 102869593 composite?
True
Is 11237663317 a composite number?
True
Is 1789317463 a prime number?
False
Is 91108237111 prime?
False
Is 37058466553 prime?
False
Is 4536991103 a composite number?
True
Is 58102925141 prime?
True
Is 14783143 composite?
False
Is 3518160979 composite?
False
Is 3539478259 a composite number?
False
Is 1594307191 composite?
True
Is 1775831 a prime number?
True
Is 446466899 prime?
True
Is 12726339167 prime?
False
Is 912686783 prime?
True
Is 33490834561 a prime number?
True
Is 1364602381 prime?
False
Is 53607129731 a prime number?
True
Is 64193026291 composite?
True
Is 2195067193 a composite number?
True
Is 916580809 prime?
False
Is 1396106701 a prime number?
False
Is 2342414423 composite?
True
Is 458198183 prime?
False
Is 26259080711 a prime number?
False
Is 24436829419 composite?
False
Is 10915944374 composite?
True
Is 7358937643 a prime number?
False
Is 825463519 a prime number?
False
Is 2522925299 prime?
True
Is 3248478087 a prime number?
False
Is 376244431 composite?
False
Is 14636104127 a prime number?
True
Is 528125179 composite?
True
Is 12358822337 a composite number?
False
Is 9908165887 a prime number?
False
Is 2023305463 prime?
False
Is 3032312057 composite?
False
Is 5019735067 prime?
True
Is 133372031209 a composite number?
True
Is 880935383 a composite number?
False
Is 51288149501 prime?
True
Is 1108430641 a composite number?
False
Is 4199822807 composite?
True
Is 331478697713 composite?
False
Is 410999538851 prime?
False
Is 639123631 a prime number?
False
Is 16787182911 a prime number?
False
Is 1500676757 prime?
False
Is 76144084017 composite?
True
Is 98040934421 composite?
True
Is 8277986543 a prime number?
False
Is 3687169789 composite?
False
Is 1532892377 a composite number?
True
Is 3636690511 composite?
False
Is 8822861 composite?
True
Is 1128857761 prime?
True
Is 3716600473 a prime number?
False
Is 5558857277 a prime number?
True
Is 110910154357 a prime number?
False
Is 943275271 a composite number?
False
Is 1358883341 a composite number?
True
Is 432207001 a prime number?
True
Is 1180339739 a prime number?
False
Is 10458635721 prime?
False
Is 4327755319 a prime number?
True
Is 115207621489 composite?
False
Is 486266761 a prime number?
True
Is 8274708623 a composite number?
False
Is 1409307421 prime?
True
Is 470856311 prime?
True
Is 620128807 composite?
True
Is 9464237681 composite?
False
Is 6543299491 a composite number?
True
Is 69504235657 a prime number?
True
Is 25198931609 a composite number?
False
Is 8551351471 a composite number?
True
Is 21124321 a prime number?
True
Is 410476777 prime?
True
Is 259874243 prime?
True
Is 424652009 composite?
False
Is 30611288909 a composite number?
True
Is 132912383 prime?
True
Is 10352290261 a composite number?
True
Is 306299783 composite?
False
Is 898143355 a composite number?
True
Is 1991746693 a prime number?
False
Is 839759485 composite?
True
Is 1033945537 composite?
True
Is 6944778199 a prime number?
True
Is 229418887853 composite?
False
Is 117881156209 prime?
True
Is 98642151889 a composite number?
False
Is 4997287219 composite?
False
Is 110068605235 a composite number?
True
Is 6399302381 a composite number?
False
Is 438170353 prime?
False
Is 33803278973 prime?
False
Is 1968536519 prime?
False
Is 4181077073 prime?
True
Is 1000849259 prime?
True
Is 4588821631 a composite number?
True
Is 24623716979 composite?
True
Is 39871448371 prime?
False
Is 6592918103 a composite number?
True
Is 193798559883 prime?
False
Is 2036051179 a composite number?
False
Is 2470988609 composite?
True
Is 562815499 a prime number?
False
Is 194761865 a composite number?
True
Is 17908468835 a prime number?
False
Is 144711062 composite?
True
Is 9364230641 a prime number?
False
Is 1073824559 composite?
False
Is 25396032901 a prime number?
False
Is 6010313819 prime?
False
Is 247877603 prime?
True
Is 8800932577 a prime number?
True
Is 3182692757 a composite number?
True
Is 1606030669 prime?
False
Is 33465887029 a prime number?
False
Is 371162327 a prime number?
True
Is 13927823839 a composite number?
False
Is 15005339579 a composite number?
False
Is 4967206921 composite?
True
Is 443621459 a prime number?
True
Is 8969966723 composite?
False
Is 10067155789 composite?
False
Is 8996190667 a prime number?
False
Is 1914582259 a composite number?
True
Is 302230113 composite?
True
Is 2633511899 a prime number?
True
Is 10133070497 composite